divisor of 5 and p?
5
Let b(v) = -v + 12. Let u be b(0). Let z = 205 + -528. Let l = 455 + z. Calculate the highest common factor of l and u.
12
Let l be 40/6*33/2. Let p(w) = w**2 + 4*w + 4. Let c be p(-4). Suppose 3*x = -q + 30, -c*x + 3*q + 40 = 7*q. Calculate the highest common divisor of x and l.
10
Suppose 0 = -h + 10 - 3. Suppose 56 = -j + 2*j. Calculate the greatest common factor of h and j.
7
Let a be 21 - (-6 + -4 + 7). Calculate the greatest common divisor of 40 and a.
8
Let p be 1/(-3) - 748/(-12). Suppose -236 = -2*s - p. Suppose s = 5*m - 353. Calculate the greatest common factor of 8 and m.
8
Suppose -5*g = -5*b - 3 + 33, 4*g - 48 = -5*b. Suppose b - 35 = -3*t. What is the highest common divisor of t and 36?
9
Suppose 5*b - 4*i = 1996, -i = b + 4*i - 376. Calculate the highest common divisor of 36 and b.
36
Let l(x) = 2*x + 14. Let i be l(17). Calculate the greatest common divisor of 32 and i.
16
Let v(z) = z**3 + 2*z**2 - 4*z. Let u be v(-3). Suppose 2*g + 187 = u*g. What is the highest common factor of 17 and g?
17
Let y(h) = -41*h - 32. Let c be y(-4). What is the greatest common factor of 33 and c?
33
Let l(z) = z + 17. Let r be l(-12). Suppose q - 16 - 20 = -2*x, r*q = 0. Suppose 6*v - 630 = v. What is the greatest common divisor of v and x?
18
Let t(d) = 13*d**3 + d**2 - d + 2. Let u be t(1). Calculate the greatest common divisor of 45 and u.
15
Let l(m) = 2*m + 99. Let c be l(0). Suppose 5*a + 0*a = 55. What is the highest common factor of c and a?
11
Let x = 48 - 41. Calculate the highest common factor of x and 49.
7
Let n(q) = q - 11. Let d be n(0). Let o = d + 23. Let h be (2/(-6))/(11/(-792)). What is the greatest common factor of o and h?
12
Suppose -67 + 235 = 7*k. Calculate the highest common factor of k and 16.
8
Let a be (35/4)/((-1)/(-4)). Let y = 239 - 232. What is the greatest common factor of y and a?
7
Let h = 13 - 3. What is the greatest common divisor of h and 10?
10
Let z(v) = -v**3 + 6*v**2 + 9*v - 1. Let p be z(7). Suppose 0 = -2*u - 1 + p. Let q = u - 0. What is the greatest common divisor of q and 18?
6
Let o be 22*2 - (0 + 0). Suppose -45 = -5*h - 2*y, -y - 14 - 2 = -h. Calculate the greatest common divisor of h and o.
11
Let j be (-1701)/(-45) - (-2)/10. What is the highest common factor of 152 and j?
38
Suppose -a = a - 52. Calculate the highest common factor of a and 39.
13
Suppose 4*s = -0*p + 2*p + 1800, 0 = -s - 2*p + 440. Let w = -231 + s. Calculate the highest common divisor of w and 31.
31
Let c = 3 - 25. Let x be 8/(-44) + (-92)/c. What is the greatest common factor of x and 4?
4
Let f = 19 - 9. What is the highest common factor of f and 10?
10
Let t be 47/5 + 24/40. What is the greatest common factor of t and 4?
2
Let l be (1 + 2)/(6/20). Let d = -6 + l. Suppose 2*c - x - d*x = 170, 0 = 2*c + 2*x - 142. What is the greatest common divisor of c and 15?
15
Let w be (-3 - (0 - 3))/2. Suppose 2*u - 5 - 3 = 0, w = -4*a + 5*u + 60. What is the highest common divisor of 8 and a?
4
Let d be 1/(-3) + (-73)/(-3). Let z be (25/(-3))/(4/d). Let u be -8*(z/8 + 2). Calculate the highest common divisor of u and 17.
17
Let p(m) = -m - 4. Let c be p(-7). Suppose -2*n - 22 = 5*t - 267, -87 = -2*t - c*n. Calculate the highest common divisor of t and 17.
17
Let j(l) = 2*l**3 - 3*l**2 - 6*l - 1. Let v be j(5). What is the greatest common factor of 36 and v?
36
Let n = 7 + 129. Let b = n + -28. Calculate the highest common factor of b and 12.
12
Let j(u) = u**2 - u. Let i be j(-1). Let q(f) = 12*f**3 + f**2 + 2*f - 2. Let y be q(i). Calculate the greatest common factor of y and 68.
34
Suppose -5*j = -j. Let i be 2*(j + 69/6). Calculate the highest common divisor of i and 161.
23
Let y(x) = x**3 + 8*x**2 - x + 19. Let k be y(-8). Calculate the highest common factor of k and 297.
27
Let f(w) = -w**2 + 7*w + 8. Let k be f(8). Let r be (6 + k)*10/6. What is the highest common divisor of 40 and r?
10
Let v = -116 + 130. Let d = -3 - -10. What is the highest common divisor of v and d?
7
Let d be 5 + 1 + 1/(-1). Suppose -d*x + 250 = -0*x. Calculate the highest common divisor of x and 25.
25
Suppose 41 = -4*k + 481. What is the greatest common divisor of k and 165?
55
Let b = -33 + 57. Suppose 0 = 2*j + j + 3. Let f be 71 + j + 6/3. Calculate the highest common divisor of b and f.
24
Let b be 1 - (-326 - (1 - -2)). Calculate the greatest common divisor of 30 and b.
30
Let f = 5 - 1. Let i be (36/3)/(6/f). Let x(g) = -g + 24. Let t be x(0). What is the highest common divisor of i and t?
8
Suppose 4*o = 0, 3*o = x - 4*x + 6. Calculate the highest common divisor of 14 and x.
2
Suppose 5*t + 4 - 9 = 0. Suppose n - t - 3 = 0. Calculate the greatest common factor of 6 and n.
2
Let q(b) = -b**3 + 4*b**2 - 2*b - 1. Let x be q(3). Suppose x*h - 46 = 4. Calculate the highest common divisor of 200 and h.
25
Suppose 8 = 4*u - 36. Let j = u - 2. Let x be (27/(-6))/((-3)/48). What is the highest common divisor of x and j?
9
Suppose 173 + 275 = 2*s. Calculate the highest common factor of 14 and s.
14
Suppose -6 = -2*v + 2. What is the highest common divisor of 64 and v?
4
Let f be ((-6)/8)/(1/(-20)). Suppose -4*s - 3 = 2*y + 7, 4*s + 9 = -y. Let w be f*(17/5 + y). What is the greatest common factor of w and 12?
12
Let k(i) = 6*i - 8*i + 10*i - 1 + 10*i. Let o be k(1). Let g = o + -10. What is the greatest common divisor of g and 7?
7
Suppose -4*d + 7 = -105. Suppose 2*p = -p + 588. What is the greatest common divisor of p and d?
28
Let i = -3 + 5. Let x = 2 + i. Suppose y - x = 21. Calculate the greatest common factor of 5 and y.
5
Let f be (-3)/4 + (-63)/(-4). Suppose -2*z = -i - 2 + 14, 2*i = z + f. Calculate the highest common factor of i and 54.
6
Suppose 5*r + 4*w - 550 = 0, -440 = -4*r - 2*w - 2*w. Calculate the highest common factor of 10 and r.
10
Let t = 63 - 36. Calculate the highest common divisor of t and 18.
9
Let q be 94*(4 - (-36)/(-8)). Let z = -19 - q. Calculate the highest common factor of z and 4.
4
Suppose l + 3*n = 2*l - 21, 55 = 5*l - 5*n. Calculate the highest common factor of 96 and l.
6
Let m be (144/(-4))/((-6)/9). What is the highest common divisor of m and 135?
27
Let u be 193/3*(-2 - -5). Suppose 2*h + 4*m = 134, -m + u - 17 = 3*h. Suppose -5*s + 61 + 129 = 0. Calculate the greatest common divisor of h and s.
19
Suppose 7 = 3*d - 101. What is the highest common factor of d and 4?
4
Let c be 6 + -1 + -2 + 0. Let i be (-1 + -24)*(-4)/10. Let j = 22 - i. Calculate the greatest common factor of c and j.
3
Let g = 6 - -19. Suppose -o = -g - 5. What is the highest common factor of o and 3?
3
Let m(b) = -3*b + 1. Let v be m(-2). What is the greatest common factor of 28 and v?
7
Let n be (6/9)/(4/18). Let i = 67 - 46. Calculate the greatest common factor of n and i.
3
Suppose -13*i - 12 = -15*i. Let s(f) = -3*f**3 - 4*f**2 - 4*f - 3. Suppose -6*o - 3 = -5*o. Let b be s(o). Calculate the greatest common factor of b and i.
6
Let t(o) = 23*o**2 + o. Let y be t(-1). Suppose y = b - 35. What is the highest common divisor of 19 and b?
19
Suppose -b + 1 = 0, 130 = -3*l + b + 558. What is the greatest common factor of l and 22?
11
Suppose -2*f + 0*f = 0. Let x be (1 - 1) + 33 + f. What is the highest common factor of 22 and x?
11
Suppose 0 = m - 11 + 3. What is the highest common divisor of m and 4?
4
Suppose 4*z + 109 = 5*l - 207, -l + 60 = -4*z. What is the greatest common divisor of l and 24?
8
Suppose -8*i + 106 + 182 = 0. Let g = -15 - -27. Calculate the greatest common divisor of i and g.
12
Let k be 19 - 25/(-10)*-2. Calculate the greatest common factor of k and 91.
7
Let c = 3 - 9. Let s be (c/8)/((-1)/24). What is the highest common factor of 18 and s?
18
Suppose r = -0*r + 13. Suppose 2*w + 50 = 4*w. Let v = w - r. What is the highest common factor of 12 and v?
12
Let t be 2/2*2 + 1. Let i be (-1 + 2 - 0) + 2. Calculate the greatest common factor of t and i.
3
Let p(f) = 5*f + 1. Let n be p(-5). Let c be 3*2/(-9)*n. Let i be (10/4 - 2)*c. What is the highest common divisor of 56 and i?
8
Suppose -3*z - 75 = -4*x - 283, 5*z = -5*x + 370. Suppose -7*o - 42 = -3*o + 2*m, 3*m + 54 = -5*o. Let i = 18 + o. What is the highest common factor of z and i?
9
Let q(o) = 4*o + 10. Let u be q(9). Calculate the greatest 